 is divided by 14?
13
Suppose -2*d = 3*y + 79 - 730, 0 = -d - 2*y + 328. What is the remainder when d is divided by 80?
78
Let d = 2 + 5. Let a = 3355 + -3344. What is the remainder when a is divided by d?
4
Let d(x) = -9*x - 5. Let a be d(-2). Let o = 6 + a. Calculate the remainder when o is divided by 7.
5
Suppose 4*l - 280 = 4*u, -3*u - 138 = -4*l + 137. Suppose -136 = -109*c + 105*c. Calculate the remainder when l is divided by c.
31
Let k = -374 - -409. What is the remainder when 68 is divided by k?
33
Suppose 3*y + 34 = 4*y - 4*c, 0 = -4*c. Let w = y + -20. What is the remainder when 25 is divided by w?
11
Suppose 3*p + x = 49, -x - x = 4. Calculate the remainder when 33 is divided by p.
16
What is the remainder when 41 is divided by ((-115)/(-15) - 0)*3?
18
Let l = 315 - 301. Calculate the remainder when 195 is divided by l.
13
Suppose -r + 5*r + q = 5, q - 5 = 4*r. Let z(d) = 2*d + 8. Suppose -4*p = -3*o - 0*o + 35, 0 = -2*o - 2*p. What is the remainder when z(r) is divided by o?
3
Suppose 5*g = -b + 1600, 2*g + b - 293 - 347 = 0. Calculate the remainder when g is divided by 65.
60
Let h(a) be the third derivative of 5*a**4/12 - 25*a**3/3 + 48*a**2. Calculate the remainder when 118 is divided by h(11).
58
Let f be ((-17)/3 + -1)/(16/(-312)). Suppose 5*v - f = -0*v + 5*a, 2*a - 6 = 0. Calculate the remainder when 171 is divided by v.
26
Let t = 54 - 25. Suppose 139*g - 228*g = -7209. Calculate the remainder when g is divided by t.
23
Let c(h) = h - 1. Let q(z) = -z**2 - 11*z - 10. Let d(g) = -5*c(g) - q(g). Calculate the remainder when 45 is divided by d(-4).
3
Let i be ((-4)/6)/((-6)/477). Let a = -105 + 72. Let m = i + a. Calculate the remainder when 79 is divided by m.
19
Suppose -2*y + 4032 = 40*y. Let p = -2 + 22. Calculate the remainder when y is divided by p.
16
Suppose 733 + 515 = 12*d. Calculate the remainder when d is divided by 23.
12
Let r(u) = -3*u**2 - 59*u - 10. Let o be r(-13). Let s = o - 31. What is the remainder when s is divided by 13?
11
Calculate the remainder when 86 is divided by 15*8/80*20/2.
11
Let m(g) = 15*g**3 - g**2 - 7*g - 7. Let i be m(-2). Let t = i - -169. What is the remainder when 103 is divided by t?
51
What is the remainder when ((-18)/(-30))/((-1 + -7)/(-1200)) is divided by 19?
14
Let f(p) = p**2 - 6*p. Let c(o) = 12*o - 538. Calculate the remainder when f(9) is divided by c(46).
13
What is the remainder when 300 is divided by 2/(7/371*2)?
35
Suppose 0*g = 11*g - 209. Suppose 0 = 2*f + 2, -s + 6 + 0 = -f. Suppose s*w - 198 + 13 = 0. What is the remainder when w is divided by g?
18
Suppose u + 1 - 4 = 0. Suppose -5*q + 22 = -123. Suppose 4*v - q = u. Calculate the remainder when 13 is divided by v.
5
Let u(h) = -h**3 - 51*h**2 - 9*h + 95. Calculate the remainder when u(-51) is divided by 9.
5
Suppose -g = g. Suppose 2 = 2*o + 4*u - 2, g = o - 2*u + 2. Let k = o + 21. Calculate the remainder when 80 is divided by k.
17
Suppose -y = 2*y + 21. Let z = -7 - y. Suppose z = 5*b - 15, 5*p = 4*b + 14 + 19. What is the remainder when 34 is divided by p?
7
Suppose -130 = -15*i + 311 + 429. Suppose -15 = -v - l + 5*l, 0 = 2*l. What is the remainder when i is divided by v?
13
Let a be -54 + (1 + -5 - -2). Let o = a + 60. Calculate the remainder when 6 is divided by o.
2
Suppose -4*l = -0*l - 3*m + 19, -2*m + 10 = 0. Let k = 44 + l. Calculate the remainder when k is divided by 23.
20
Calculate the remainder when 73 is divided by (0 - -22) + (12 - (-54)/(-6)).
23
Let h = -4 + 16. Calculate the remainder when 5/25 - 1/(5/(-104)) is divided by h.
9
Let r = 53 + 13. Suppose 3*f + r = 3*l, f + 74 = l + 2*l. Calculate the remainder when l is divided by 7.
5
Let t(p) = p**3 + 4*p**2 - 4*p + 10. Let c be t(-5). Let r(m) = 17*m - 9. Calculate the remainder when r(c) is divided by 26.
24
Let k = 46 - 25. What is the remainder when 187 is divided by k?
19
Suppose -2*h + 9 + 51 = 0. What is the remainder when (-456)/(-2)*24/48 + 2 is divided by h?
26
Let a(f) = f**2 - 3. Suppose 2*i + 2*i = -16. Suppose -2*z + 38 = 4*v, -4*z - 14 = -4*v + 6. Calculate the remainder when a(i) is divided by v.
5
Suppose -4*u - 7*y + 1800 = -11*y, 5*u - 4*y - 2246 = 0. Calculate the remainder when u is divided by 45.
41
Let t = 542 - 376. What is the remainder when t is divided by 56?
54
Let n(l) = 2*l + 5. What is the remainder when 181 is divided by n(6)?
11
Let c(f) = -f - 17. Let l be c(-5). Let m(a) = -2*a**3 - a**2 + 54. Calculate the remainder when m(0) is divided by 2/(-4)*-4 - l.
12
What is the remainder when (-6)/(-18) - 2360/(-12) is divided by 66?
65
Let q = 97 + -87. Suppose 0 = -q*p - 3*p + 208. Calculate the remainder when 51 is divided by p.
3
Let t(g) = -g**2 + 4*g + 27. Let a = 87 - 81. What is the remainder when 38 is divided by t(a)?
8
Let d(a) = a + 18. Let n be (-4)/(-2)*(-133)/(-2). Suppose 3*s - 96 = -3*g, 0*s = 4*g - s - n. Calculate the remainder when g is divided by d(-6).
9
What is the remainder when 139 is divided by (-72)/162 - (-332)/18?
13
Let m be (2 - 28/8)*(-3 + 1). Suppose 206 = 4*i + 2*v, -v = -3*i + m*v + 149. Suppose -2*s = -s - 18. What is the remainder when i is divided by s?
15
Let d(k) = k**3 + 14 + 0*k**3 - 2*k**3 - 31*k**2 + 48*k**2 + 18*k. Calculate the remainder when 52 is divided by d(18).
10
Let h(t) = -t + 1. Let l be h(-27). Suppose b - 6*b + 4*q = -l, -4*b + 3*q = -22. What is the remainder when b is divided by 3?
1
Let t = 66 + 93. Calculate the remainder when t is divided by 21.
12
Suppose 2*k = r + 136, 0 = -0*k - 4*k - 3*r + 262. Let o = -46 - -97. Suppose -3*m + 38 = p, -2*p + o = m - 0. What is the remainder when k is divided by p?
21
Suppose 0*z - 12 = 4*z. Let w be 1 - (6 + z + -6). Suppose -2*x = -5*l - 35, -x + 76 = w*x - l. Calculate the remainder when x is divided by 8.
7
Let c = 43 - 22. Let b = c - 7. What is the remainder when 25 is divided by b?
11
Let x(m) = 126*m - 38. Calculate the remainder when 702 is divided by x(1).
86
Let n(s) = s**2 + 3*s + 12. Calculate the remainder when 27 is divided by n(-2).
7
Let b = 766 - 662. What is the remainder when b is divided by 37?
30
Let z(l) = -496*l**3 - 4*l**2 - 3*l - 1. Calculate the remainder when z(-1) is divided by 55.
54
Let c = -2657 + 2700. Let q(b) be the first derivative of 4*b**3 + b**2 + b + 2. What is the remainder when c is divided by q(-1)?
10
Suppose -3*l + 64 = -5*z, 4*l = 9*l + 3*z - 118. Calculate the remainder when 58 is divided by l.
12
Let m(u) = -29*u - 40. What is the remainder when 52 is divided by m(-2)?
16
Let p = -110 - -98. Suppose 0 = 5*c - 4*w - 110, -3*c - 4*w = 2*c - 70. Calculate the remainder when 57 + p/(-10)*(-50)/15 is divided by c.
17
Let t(y) = y**3 - 8*y**2 - 24*y - 25. What is the remainder when 137 is divided by t(11)?
63
Suppose -47*y + 3031 = 23. What is the remainder when y is divided by 6?
4
Suppose -8*s + 47 = -7*s + 2*z, 0 = 3*s - 4*z - 101. Suppose -2*f + 2*l = f - 30, 5*l = -4*f + 17. Calculate the remainder when s is divided by f.
7
Let a(q) = -q**2 - 22*q + 88. Calculate the remainder when ((-3)/(-2))/(1/14) is divided by a(-25).
8
Suppose -7*g = -2*g - 35. Let w = -27 + 15. Calculate the remainder when g is divided by (-15)/w + (-6)/(-8).
1
Suppose -h + 31 = 2*g, -6*h + 2*h = g - 26. Calculate the remainder when 51 is divided by g.
9
Calculate the remainder when 30/7 + 4/(-14) - -146 is divided by 38.
36
Suppose 2*n = 3*l - 8*l - 16, 22 = 3*n - 4*l. Suppose -n*v = 12 - 30. Calculate the remainder when (-101)/(-3) + (-2)/3 is divided by v.
6
Let r(l) = -10*l + 5. Let p(q) = -47*q**3 + q + 1. Calculate the remainder when p(-1) is divided by r(-2).
22
Calculate the remainder when (2294/(-124))/(((-6)/(-4))/(-3)) is divided by 5.
2
Let n be 1 - 7/((-42)/150). Calculate the remainder when 2*1*767/n is divided by 17.
8
Suppose 2*y = 3*y + 33. Let m = 38 + y. What is the remainder when 18 is divided by m?
3
Suppose 4*g - 42 = -2*j, -4*j + j - 2*g = -75. Let l = j - -18. Calculate the remainder when l is divided by 16.
13
Let k = 204 - -53. Calculate the remainder when k is divided by 43.
42
Let r = 1249 + -1231. Calculate the remainder when 22 is divided by r.
4
Let i = -467 + 508. Calculate the remainder when i is divided by 6.
5
Let x(t) = 2*t**2 + 683 - 8*t - 680 - 3*t**2. Calcu